et w(g) = 92*g + 4. What are the prime factors of w(y)?
2, 3
Let t(a) = 3*a**2 + 32*a + 124. Suppose 64 - 132 = 3*y - 2*d, y = -3*d - 41. List the prime factors of t(y).
2, 3, 5, 11
Suppose 4*h - 4*u - 38 = 3*h, 87 = 4*h - 3*u. Let z be 135/h + 2/4. List the prime factors of (3 - 2724/8)*z/(-10).
2, 3, 5
Suppose -1534 = 11*a - 6066. Let y = 1376 - a. List the prime factors of y.
2, 241
Let l be 11/(-4 + (-4)/((-20)/21)). Let h = -50 + l. What are the prime factors of (h - 2) + 2 + -6 + 3?
2
Let u = -166 + -39. Let g = u + 305. List the prime factors of g.
2, 5
Suppose 4*n + 26*n = 660. Suppose 0 = n*i - 40*i + 10206. What are the prime factors of i?
3, 7
Let a(f) = -766*f + 276. Let h be a(-11). Suppose 5*m + w - 8610 = 0, -h = -4*m - 4*w - 1798. What are the prime factors of m?
1721
Let q be 416/(-10)*4 - 6/(-15). Let s = 172 + q. List the prime factors of s.
2, 3
Let o(c) be the second derivative of -11*c**3/3 + 3*c**2/2 - 171*c. Suppose 9 = t - 4*t. List the prime factors of o(t).
3, 23
List the prime factors of ((-37)/4)/(19/(-5700)).
3, 5, 37
Let a(t) = -7*t**3 + 2*t**2 - 5*t + 356. Let v(l) = 19*l**3 - 6*l**2 + 14*l - 1069. Let k(n) = -11*a(n) - 4*v(n). What are the prime factors of k(0)?
2, 3, 5
Let t be (-3 + -9 + 2)/1. Let s be 4/t + 634/10. Suppose s*b - 67*b + 28 = 0. List the prime factors of b.
7
Suppose 241*f - 304*f = -640584. What are the prime factors of f?
2, 31, 41
Suppose 4*l = 8, 57*h = 59*h - l - 3050. Suppose -3*i + 4*i - h = 0. List the prime factors of i.
2, 7, 109
Suppose 1118 = -3*o + 5*s, 0 = -o + s + 216 - 590. Let x = -309 - o. What are the prime factors of x?
67
Suppose 0 = 3*n - y, -n + 4*y = 8*y. Suppose n = -3*l + 3*a + 657, -5*l - a - 885 = -9*l. List the prime factors of l.
2, 3, 37
Let u(d) = -9194*d + 471. What are the prime factors of u(-2)?
18859
Suppose 0 = 2*y - y - 4. Suppose -y*v - 3*n + 181 = 0, 0 = -2*v + v + 5*n + 74. Let h = v + 32. What are the prime factors of h?
3
Suppose 7*p - 6*p + 3 = 0, -5*n + 5*p + 80 = 0. Suppose n*f - 21*f + 14520 = 0. List the prime factors of f.
3, 5, 11
Suppose -32*l = -361541 - 332196 + 256617. What are the prime factors of l?
2, 5, 683
List the prime factors of ((-3)/((-3)/(-7430)))/(-1)*(-2 - -8).
2, 3, 5, 743
Let v(b) = 6*b**3 - 4*b - 5. Let w(s) be the third derivative of -s**4/24 + 4*s**3/3 - 25*s**2. Let f be w(5). List the prime factors of v(f).
5, 29
Let u(x) = 109*x + 4688. List the prime factors of u(-26).
2, 3, 103
Suppose 56547 + 53064 = 75*p + 28311. List the prime factors of p.
2, 271
Let c = 140 - 136. Suppose 2*m = 6*m + c*p - 1984, 3*p = -m + 488. List the prime factors of m.
2, 5
Suppose k = 5*m - 87808, -3*m - 103*k + 52671 = -99*k. What are the prime factors of m?
17, 1033
Suppose -4*p - 4*t - t + 97 = 0, 2*t + 26 = 2*p. Let m = p + -21. What are the prime factors of 30*m/(-24) + (-3)/(-12)?
2
Let s(b) = -3424*b - 144. List the prime factors of s(-1).
2, 5, 41
Let z be 3 + (-5)/((-20)/(-24)) - -2. Let y be z*((-3)/6 - -1)*10. What are the prime factors of 1/3 - y/(-15)*-776?
7, 37
Suppose 0 = 9*o - 595 - 611. Let k = o + -72. What are the prime factors of k?
2, 31
Suppose 24*w - 6 = 22*w. Suppose 4 = h + w*h. Let d = 4 + h. What are the prime factors of d?
5
What are the prime factors of 4/32 - 1511451/(-232)?
5, 1303
Let i(t) = -9*t + 13. Suppose -y = -2*b - 4, y - 4*y = -b - 7. Let r be (-8)/(-4) - 12 - b. List the prime factors of i(r).
2, 47
Let z(k) = -2*k**2 - 69*k + 7. Let n be z(-37). Let v = 710 + n. List the prime factors of v.
2, 7, 19
Suppose -w - 2*w - 3*o = 102, -3*w - 2*o - 99 = 0. Suppose 8*m - 10*m + 218 = 0. Let y = m - w. What are the prime factors of y?
2, 5, 7
Let p(k) = 21*k**2 + 2*k + 2. Let r be p(-1). Suppose -22*w + 337 = -r*w. Let q = w + -108. List the prime factors of q.
229
Let l(g) = -5*g - 18. Let r = -49 + 43. Let p be l(r). Suppose -4*q = 2*t - q - 35, 4*q = p. List the prime factors of t.
13
Suppose 118*z - 260 = 122*z. List the prime factors of z*((-94)/5 - -5).
3, 13, 23
Let f be 472 - (3 + 2/(-3 - -2)). Let i = f - 15. What are the prime factors of i?
2, 3, 19
Suppose 143 = -2*z - 3*u, 0 = z - 5*u + 61 + 43. Let w = -3648 - -3686. Let o = w - z. List the prime factors of o.
3, 13
Suppose 0 = 2*a + 2, -4*a + 4 = 15*l - 11*l. Let p = 0 - 0. Suppose -2*y + 0*s - l*s = -552, -y + 3*s + 256 = p. What are the prime factors of y?
271
Let a be -1 - (-12*10/(-15) - 2). What are the prime factors of (a/14)/((-2)/136)?
2, 17
Let a be 60/10 - 2200 - 4/2. Let i = -1102 - a. What are the prime factors of i?
2, 547
Let f = 101508 + -67655. List the prime factors of f.
97, 349
Let l be (48/(-9))/(8/(-756)). Suppose -l = -13*q + 6*q. Suppose -184 = -4*c + q. List the prime factors of c.
2
Suppose 630*g - 2456 = 622*g. Let u = -39 + g. What are the prime factors of u?
2, 67
Let a(q) = 16*q**2 + 3*q - 4. Let b be 3/7 + (-456)/84. What are the prime factors of a(b)?
3, 127
Let a(r) = -23*r - 124. Let n(h) = 7*h + 41. Let o(k) = 3*a(k) + 8*n(k). Suppose -4*w - 19 = 33. What are the prime factors of o(w)?
5
Suppose 0 + 6 = 3*d. Let z = 181 - 103. Suppose -d*u + u = -z. List the prime factors of u.
2, 3, 13
Let p be 32/(-56) + (-4740)/35. Let j = p + 539. List the prime factors of j.
13, 31
Suppose -6*q - 4*q = -3*q - 225722. What are the prime factors of q?
2, 23, 701
List the prime factors of (47141/(-136) - 5/(-8))*(-86)/4.
43, 173
Suppose 375*b - 378*b + 27 = 0. Let c(u) be the second derivative of u**4/4 - 7*u**3/3 + 13*u**2/2 - 4*u. List the prime factors of c(b).
2, 5, 13
Let a be 1522/4 - (-22)/44. Let t = 598 - a. What are the prime factors of t?
7, 31
Suppose x - 3*o - 6680 - 2344 = 0, 4 = o. What are the prime factors of x?
2, 3, 251
Let s = 25696 + -10845. What are the prime factors of s?
14851
Suppose -4*s - 5*x - 9 = 0, s + 4*x = 5*x - 9. Let o(n) = 15*n**2 - 2*n - 1. What are the prime factors of o(s)?
19, 29
Let g(j) = 44 + 0*j**2 - 6*j**2 + 4*j**2 + 3*j**2 + 9*j. What are the prime factors of g(-8)?
2, 3
Let c(q) be the third derivative of 7*q**5/60 + 11*q**4/8 - 35*q**3/6 + 14*q**2 - q. List the prime factors of c(9).
829
Let z(b) = -4*b**2 - 275*b - 200. List the prime factors of z(-38).
2, 2237
List the prime factors of (14309*1)/(-83 + 84).
41, 349
Suppose -13*z + 10*z + 15 = 0. Let q be z + -2 + 2 + -5. Suppose q = 4*b - 92 - 188. What are the prime factors of b?
2, 5, 7
Let z = -8671 - -19536. What are the prime factors of z?
5, 41, 53
Let y be ((-9)/(-6) - 0)*(144 - -6). Let b = 397 - y. List the prime factors of b.
2, 43
Suppose -45 = z + 53. Let x = z + -49. Let b = 306 + x. List the prime factors of b.
3, 53
Suppose -8*n + 24 = 184. What are the prime factors of -52*(245/n)/7?
7, 13
Suppose -2*h + 284 = -r, -4*h + 11*r + 556 = 6*r. Suppose -m + 4*z - 8 = -6*m, -5*z - 15 = 0. Suppose -h = -6*j + m*j. List the prime factors of j.
2, 3
What are the prime factors of ((-6)/(-8))/((-447)/(-151384))?
2, 127
Let r = 656 - -856. Suppose 5*d + 664 = -3*f + 2188, 3*f + d = r. List the prime factors of f.
503
Let s be -12 + 12 - 2/2. Let j(v) = 321*v**2 + 2*v + 3. What are the prime factors of j(s)?
2, 7, 23
Let i be 537/(-1) + 7 + -3 + 0. Let t(f) = -80*f**2 + f + 8. Let g be t(-2). Let d = g - i. What are the prime factors of d?
3, 73
Suppose 0 = -803*g + 786*g + 214710. List the prime factors of g.
2, 3, 5, 421
Let c(b) = b**2 + 247*b**3 - 23*b + 1 - 36*b + 56*b. What are the prime factors of c(1)?
2, 3, 41
Let y be (3 - 1 - 6)/(-1) - 2. Let a be 1003/85 + y/10. List the prime factors of 3*a - (6 - 4) - -2.
2, 3
Let t(y) = -63*y**3 - 2*y**2 + y + 2. Let m be t(-2). Suppose -8*w = 3*w - 9*w. Suppose -5*d + v + v + m = w, -5*v = 15. List the prime factors of d.
2, 7
Let z(f) = f**3 + 8*f**2 + 11*f - 10. Let g be z(-6). Let v = -17 + g. Let x(b) = 2*b**2 + 28*b - 73. What are the prime factors of x(v)?
13, 17
Suppose 37856 = 4*g - 4*a, 4*a - 14583 = -g - 5139. Suppose 82*b - 93*b = -g. What are the prime factors of b?
2, 5, 43
Suppose 17*t - 40 = 7*t. Suppose -t*w = -3*o - 910, w + 455 + 159 = -2*o. Let h = -179 - o. List the prime factors of h.
127
Let b = -5732 - -8308. What are the prime factors of b?
2, 7, 23
Suppose -2*j = 3*o - 132229, -j - 44063 = 23*o - 24*o. What are the prime factors of o?
44071
Suppos